ermine k(2).
-13
Let y(s) = -s**2 - 8*s + 3. Let r be y(-8). Suppose -j - r*j - 24 = 0. Let m(o) be the first derivative of -o**3/3 - 3*o**2 - 5*o + 2. What is m(j)?
-5
Let g(x) = 2*x + 1. Let v(k) = 11*k + 6. Let y(m) = -5*g(m) + v(m). What is y(1)?
2
Suppose -5*m = s - 6, 4*s - 2*m - 30 = -s. Let i(z) = -z**2 + 10*z - 8. What is i(s)?
16
Suppose 3*x = -3 - 15. Let d(a) = a**2 + 6*a - 8. Determine d(x).
-8
Let v be (-2)/(-5) - (-174)/(-10). Let x(g) = -g - 8. Let j(i) = -3*i - 23. Let y(h) = v*x(h) + 6*j(h). What is y(-5)?
3
Let h(p) = -p**3 - 2*p**2 - 3*p - 7. Let q(g) = g**2 - 1. Let m(v) = h(v) - 3*q(v). Let r be 3 + 0 + 0 - 0. Suppose 0 = -5*d + r*d - 8. What is m(d)?
-8
Let u(a) be the second derivative of -a**4/24 - 7*a**3/6 - 5*a**2/2 + 4*a. Let x(f) be the first derivative of u(f). Calculate x(-6).
-1
Suppose 24 = p - 4*j, -3*j - 18 = -3*p + 9. Let t(w) be the third derivative of w**6/120 - w**5/15 + w**4/24 - 2*w**3/3 + 2*w**2. Give t(p).
0
Let z be (-2 - (-2 + 1)) + 6. Suppose -3*t - 5 = m - 6, -2*t - z*m = 21. Let a be (-3)/6 + (-1)/t. Let v(p) = 6*p**3. What is v(a)?
-6
Let g(b) = -2*b**2 - 8*b. Let f(h) = -3*h**2 - 15*h + 1. Let q(m) = -3*f(m) + 5*g(m). Calculate q(3).
3
Let x(r) = r - 1. Let l(h) = -h**2 + h - 2. Let z be l(0). Let o be 14/(-6)*(-3)/1. Let q = o + z. Give x(q).
4
Let r(b) be the third derivative of 5/24*b**4 + 4*b**2 + 0*b - 1/120*b**6 + 1/15*b**5 + 5/6*b**3 + 0. Calculate r(5).
5
Let z(f) = f**2 + f - 1. Let q(t) = 5*t**2 - 5*t. Let l(x) = q(x) - 4*z(x). Determine l(9).
4
Let c(u) be the first derivative of -3*u**3 - u**2/2 + 2. Let i(z) = 4*z**2. Let h(k) = 2*c(k) + 5*i(k). What is h(3)?
12
Let n = -4 + 6. Let q(y) = 3 + n + y - 2*y. Let s = -4 - -9. Determine q(s).
0
Let u(q) = 7*q - 2. Let h(s) = -36*s + 10. Let y(w) = 3*h(w) + 16*u(w). Calculate y(3).
10
Let v(k) = -k**2 - 1. Let z be v(0). Let d = 4 + z. Let y(t) be the second derivative of t**4/6 - t**3/2 + 7*t. Determine y(d).
9
Let r(k) = k**2 + 3*k - 7. Let c be r(-5). Let m(u) = 1 + u**2 - 4*u + 0*u**2 + c*u**2 - 3*u**2. Calculate m(5).
6
Suppose 5*c + 18 - 52 = 3*b, -6 = -c + b. Let y(t) = t - 5. Give y(c).
3
Let u(d) = -d**3 - 5*d**2 + 5*d - 5. Let h(y) = -y**2 - 5*y. Let i be h(-4). Let z be (-108)/24*i/3. Calculate u(z).
1
Let t(z) be the first derivative of -z**4/4 - 5*z**3/3 - 2*z + 12. Give t(-5).
-2
Let n(v) = 5*v - 1. Let p be n(1). Let d(k) = -k**2 - 4*k + 5. Let t be d(-6). Let h(j) = j + 8. Let o(b) = b + 15. Let y(r) = p*o(r) + t*h(r). Calculate y(4).
-8
Let f(k) = 12*k. Let c(j) = -102*j. Suppose -4*m + 5 = -3*m. Let b(q) = m*c(q) + 42*f(q). Calculate b(1).
-6
Let w(i) be the third derivative of -i**5/60 + i**4/6 - i**3/2 + 18*i**2. Give w(2).
1
Let r(s) = s**3 + 16. Suppose -5*t - 5*t = 0. Give r(t).
16
Let a = 2 + 3. Let t(d) = d**2 - 4*d + 6. Give t(a).
11
Let c(f) = 2*f - 10. Let t(l) = 1. Suppose 8 = -6*d + 8*d. Suppose 5*j + 5*v = 5, -j - 2*j - 4*v + 3 = 0. Let s(z) = d*t(z) + j*c(z). Determine s(5).
4
Let v(u) = 5*u**3 + 1. Let b(z) = -z**3 - z. Let q(i) = b(i) - v(i). Let x be (-1)/((2 - 0)/2). What is q(x)?
6
Let n(r) be the first derivative of -r**3/3 - 3*r**2/2 + 1. Suppose -19*m - 16 = -15*m. Let c be n(m). Let p(o) = -o**2 - 4*o + 2. What is p(c)?
2
Let q be ((-4)/(-4) - 4) + 2. Let v(o) = -13*o**2 + o + 1. Give v(q).
-13
Let n be 1*-3*8/(-6). Suppose -h - 20 = n*o + 3*h, -o + 2*h = -7. Let a(f) be the first derivative of 3*f**4/2 + 2*f**3/3 + f**2 + f - 2. What is a(o)?
-5
Let x(o) = -2*o + 2. Suppose -4*j - 3*l = 12, 0*j - 6 = 2*j - l. Let n be (j/(-2))/((-9)/24). Determine x(n).
10
Let l(g) = -44*g**3 + 3*g + 4*g**2 - 2 - 44*g**3 + 87*g**3. What is l(4)?
10
Let v(c) be the first derivative of -1/4*c**4 + 0*c - 2 - c**2 - 5/3*c**3. Suppose 0 = -2*d - d - 6. What is v(d)?
-8
Suppose 0 = 5*k - 6*k - 6. Let s(c) = 5*c + 3. Let j(n) = n. Let i(b) = -4*j(b) + s(b). What is i(k)?
-3
Let w(m) = 2*m + 13. Let a be (115/(-13))/1 + (-16)/104. Give w(a).
-5
Let p(j) = -j**3 - 10*j**2 - 8*j + 7. Let b be p(-9). Let z(a) = -4*a + 2. What is z(b)?
10
Let g(p) = -p**2 + 6*p + 3. Suppose 5*b + 6 = 7*b. Let q be 6 + -3 + b/1. What is g(q)?
3
Let y be 6/(-1) - (11 - 13). Let g(i) = -i**2 - 5*i - 6. Determine g(y).
-2
Suppose 3*c + 2*u = 13, -c - 2*c + 3*u = -3. Let g(f) = -4*f**2 - f + 0*f**2 - f + f**2 - f**c - 2. Calculate g(-2).
-2
Let p(x) = -x**3 - 8*x**2 + 9*x + 2. Let d be p(-9). Let q(y) be the first derivative of y - d*y + 0*y**2 + 2 + y**2 + 0*y. What is q(4)?
7
Let m be (-2)/10 - 105/(-25). Suppose -2 = m*h + 2*u + 14, -2*h - 6 = 2*u. Let y(p) = 5*p + p - p - 3*p + 3. Calculate y(h).
-7
Let b(y) = -11*y + 4*y + 2*y - 2. Let i(h) = -11*h - 5. Let c(p) = -9*b(p) + 4*i(p). Calculate c(-4).
-6
Let z(v) = -3*v**3 - v**2 + 6*v + 3. Let j(o) = -3 - 2 - 12*o + 0 + 7*o**3 + o**2. Let u(r) = -2*j(r) - 5*z(r). Suppose -3*t + 3 - 15 = 0. What is u(t)?
3
Let g(c) = -c**2 + 4*c + 7. Let s(n) = -n**2 - 12*n - 14. Let m be s(-10). Let p be g(m). Let w(h) = 1 - 4*h**2 + 3*h**2 - 4*h + 0*h. Calculate w(p).
-4
Let f(i) = -i**3 + 5*i**2 - 6*i + 6. Suppose 5*k = 2*x + 7, -39 = -2*x - 5*k - 16. What is f(x)?
-2
Suppose 5*v - 14 = 3*v. Let x(j) = -2*j + 3*j**2 - j - v*j**2 - j**3. Give x(-3).
0
Suppose 6 = -3*h + 3*w, h - 3*w = 4*h - 6. Let l(u) = -u + 3*u - 3*u + h*u. Determine l(-4).
4
Let b(f) = -f - 2. Let z be b(2). Let t(l) = 3*l**2 - 4 - 15*l - 4*l**2 + 9*l. Let o be t(z). Let a(k) = -k - 2. Give a(o).
-6
Let u(p) = p + 2. Let k(o) = 7*o + 1. Let h(i) = k(i) - 5*u(i). Calculate h(7).
5
Let y be 6/10 + 134/10. Suppose -5*a + 10 = -5*p, -y = 4*p - 3*a - 1. Let j = -4 - p. Let w(n) = n**2 - 5*n + 3. Give w(j).
-3
Let d(u) = u**2 - 4. Let i = 12 - 12. Determine d(i).
-4
Let d(u) = -u + 5. Let x(h) be the third derivative of -h**5/60 - 2*h**2. Let j be x(0). Calculate d(j).
5
Let z(x) = -1 - 9*x - 3 + 3. Give z(1).
-10
Let k be -6 + 6 - (4 - 0). Let u be (-6)/4 + (-10)/k. Let x(v) = -5*v**2 - v. Calculate x(u).
-6
Let h(d) = -2*d + 5. Let t be h(5). Let w = t - -6. Let j(q) = q**3 + 2*q - 1. Calculate j(w).
2
Let m(q) be the third derivative of -q**5/12 - q**4/24 - 18*q**2. Let n = 3 - 3. Let k be 0 + (1 - n)*1. What is m(k)?
-6
Let g(r) = -1. Let b(w) = 11*w**2 + 5*w + 37. Let x(q) = -5*q**2 - 2*q - 18. Let d(o) = 6*b(o) + 13*x(o). Let t(m) = -d(m) + 4*g(m). What is t(-6)?
-4
Let h(r) = -r**3 - 6*r**2 - 6*r - 1. Let s = -5 - 0. Calculate h(s).
4
Suppose 0*l = -3*l + 9. Let t = l + 7. Let v(y) = t - 5*y - 5 + 7*y. What is v(-5)?
-5
Let x(w) = 5 - w + 0*w - 5. Suppose 3*s = 2*v - s + 16, -4*v = 4*s - 28. Determine x(v).
-2
Let m(k) = -5*k - 2. Let q(s) = s**2 - 3*s + 2. Let w be q(2). Suppose w = -5*n + 2*n + 6. Suppose -n*j = -7*j - 10. Determine m(j).
8
Let d(r) = -r - 2. Let a be 2 + (-1 - -4) + -3. Suppose -a*i + 8 = p + 4*p, -p - 4*i + 16 = 0. Determine d(p).
-2
Let v = 3 + 1. Let a(h) = -h**3 + 3*h**2 - 2. Determine a(v).
-18
Let z(w) = -3*w**2 - 1 + 3*w**2 + 9*w**2 + 0. Suppose -5*u = -5*n + 5, -3*u = 2*n + n + 3. Let k = n + -1. What is z(k)?
8
Suppose 2*r + 5*a = 10, -3*a + 2*a = -4*r - 2. Let f(o) be the second derivative of o + r - o**2 - 1/6*o**3. Calculate f(5).
-7
Let n(t) = 12. Let z(s) = s + 1. Let f(a) = -n(a) + 2*z(a). Suppose -6*c + 28 = -2*c. Give f(c).
4
Let h(g) = -g**3 - g**2 + 2. Let s(r) = r**3 + r**2 - 2. Let b(x) = -5*h(x) - 4*s(x). Determine b(0).
-2
Suppose -2*y - 10 = -7*y. Let j(l) = 1 - 4*l**3 + 2 - 5 + l**y + 5*l + 3*l**3. Calculate j(3).
-5
Let h(n) = 12 - 4*n - 13 + 16*n. Calculate h(2).
23
Let d(g) = 2*g**2 - 6*g - 8. Let a be d(6). Suppose 0 = -4*l + 3*n + a, -7 = -l - 2*n - 0*n. Suppose 0 = 3*x + l + 5. Let i(z) = z**2 + 7*z + 5. What is i(x)?
-7
Let l(c) = 13*c + 9. Let k(x) = -6*x - 4. Let g(v) = -7*k(v) - 3*l(v). Suppose 0 = 4*b + 4 + 4. Calculate g(b).
-5
Let x(a) be the first derivative of -1/3*a**3 + 4 + 0*a**2 + 0*a. What is x(2)?
-4
Let m be (-4)/2*9/(-6). Suppose l - 4*l = -m. Let z be l + -2 + 2 + 2. Let o(i) = 2*i. What is o(z)?
6
Let g(v) be the second derivative of v**6/720 + v**4/12 - v. Let j(n) be the third derivative of g(n). Let u be (-4)/(-10)*((-30)/3 - 0). Calculate j(u).
-4
Let t(v) = -3*v - 3. Let r = 12 - 17. Calculate t(r).
12
Let b(x) = x**3 - 3*x**2 + x + 3. Let o be (-12)/8 - 6/(-4